{"id":10,"date":"2016-08-05T13:44:58","date_gmt":"2016-08-05T13:44:58","guid":{"rendered":"http:\/\/schwarzwald-pharmaceuticals.de\/?page_id=10"},"modified":"2016-08-17T19:24:16","modified_gmt":"2016-08-17T19:24:16","slug":"gelenke-muskeln-haut-haarpflege-schlank-fit","status":"publish","type":"page","link":"https:\/\/schwarzwald-pharmaceuticals.de\/?page_id=10","title":{"rendered":"GELENKE\/ MUSKELN\/ HAUT\/ HAARPFLEGE\/ SCHLANK\/ FIT"},"content":{"rendered":"<h2>taxofit Gelenke 1200 complete, 40 St<\/h2>\n<p>&nbsp;<\/p>\n<p><img loading=\"lazy\" decoding=\"async\" class=\"alignnone size-medium wp-image-96\" src=\"http:\/\/schwarzwald-pharmaceuticals.de\/wp-content\/uploads\/2016\/08\/FS-Gelenke-195x300.png\" alt=\"FS Gelenke\" width=\"195\" height=\"300\" srcset=\"https:\/\/schwarzwald-pharmaceuticals.de\/wp-content\/uploads\/2016\/08\/FS-Gelenke-195x300.png 195w, https:\/\/schwarzwald-pharmaceuticals.de\/wp-content\/uploads\/2016\/08\/FS-Gelenke.png 280w\" sizes=\"auto, (max-width: 195px) 100vw, 195px\" \/><\/p>\n<h2 class=\"product-headline-sub\">Nahrungserg\u00e4nzungsmittel<\/h2>\n<p>Die taxofit Gelenke 1200 complete Tabletten enthalten einen abgestimmten Stoffkomplex. Kupfer leistet einen wichtigen Beitrag zur Erhaltung von normalem Bindegewebe und Vitamin D3 tr\u00e4gt zur Erhaltung der Knochen und der Muskelfunktion bei. Zink hilft dabei, die Zellen vor oxidativem Stress zu sch\u00fctzen und unterst\u00fctzt einen normalen S\u00e4ure-Basen-Stoffwechsel. Dar\u00fcber hinaus enth\u00e4lt taxofit Gelenke 1200 complete hochdosiertes Glucosaminsulfat, sowie Hyalurons\u00e4ure.<\/p>\n","protected":false},"excerpt":{"rendered":"<p>taxofit Gelenke 1200 complete, 40 St &nbsp; Nahrungserg\u00e4nzungsmittel Die taxofit Gelenke 1200 complete Tabletten enthalten einen abgestimmten Stoffkomplex. Kupfer leistet einen wichtigen Beitrag zur Erhaltung von normalem Bindegewebe und Vitamin D3 tr\u00e4gt zur Erhaltung der Knochen und der Muskelfunktion bei. Zink hilft dabei, die Zellen vor oxidativem Stress zu sch\u00fctzen und unterst\u00fctzt einen normalen S\u00e4ure-Basen-Stoffwechsel. [&hellip;]<\/p>\n","protected":false},"author":1,"featured_media":0,"parent":0,"menu_order":0,"comment_status":"closed","ping_status":"open","template":"","meta":{"footnotes":""},"class_list":["post-10","page","type-page","status-publish","hentry"],"yoast_head":"<!-- This site is optimized with the Yoast SEO plugin v27.4 - https:\/\/yoast.com\/product\/yoast-seo-wordpress\/ -->\n<title>GELENKE\/ MUSKELN\/ HAUT\/ HAARPFLEGE\/ SCHLANK\/ FIT - SCHWARZWALD PHARMACEUTICALS<\/title>\n<meta name=\"description\" content=\"taxofit Gelenke 1200 complete, 40 St &nbsp; Nahrungserg\u00e4nzungsmittel Die taxofit Gelenke 1200 complete Tabletten enthalten einen abgestimmten Stoffkomplex. Kupfer leistet einen wichtigen Beitrag zur Erhaltung von normalem Bindegewebe und Vitamin D3 tr\u00e4gt zur Erhaltung der Knochen und der Muskelfunktion bei. Zink hilft dabei, die Zellen vor oxidativem Stress zu sch\u00fctzen und unterst\u00fctzt einen normalen S\u00e4ure-Basen-Stoffwechsel. [&hellip;]\" \/>\n<meta name=\"robots\" content=\"index, follow, max-snippet:-1, max-image-preview:large, max-video-preview:-1\" \/>\n<link rel=\"canonical\" href=\"https:\/\/schwarzwald-pharmaceuticals.de\/?page_id=10\" \/>\n<meta property=\"og:locale\" content=\"de_DE\" \/>\n<meta property=\"og:type\" content=\"article\" \/>\n<meta property=\"og:title\" content=\"GELENKE\/ MUSKELN\/ HAUT\/ HAARPFLEGE\/ SCHLANK\/ FIT - SCHWARZWALD PHARMACEUTICALS\" \/>\n<meta property=\"og:description\" content=\"taxofit Gelenke 1200 complete, 40 St &nbsp; Nahrungserg\u00e4nzungsmittel Die taxofit Gelenke 1200 complete Tabletten enthalten einen abgestimmten Stoffkomplex. Kupfer leistet einen wichtigen Beitrag zur Erhaltung von normalem Bindegewebe und Vitamin D3 tr\u00e4gt zur Erhaltung der Knochen und der Muskelfunktion bei. Zink hilft dabei, die Zellen vor oxidativem Stress zu sch\u00fctzen und unterst\u00fctzt einen normalen S\u00e4ure-Basen-Stoffwechsel. [&hellip;]\" \/>\n<meta property=\"og:url\" content=\"https:\/\/schwarzwald-pharmaceuticals.de\/?page_id=10\" \/>\n<meta property=\"og:site_name\" content=\"SCHWARZWALD PHARMACEUTICALS\" \/>\n<meta property=\"article:modified_time\" content=\"2016-08-17T19:24:16+00:00\" \/>\n<meta property=\"og:image\" content=\"http:\/\/schwarzwald-pharmaceuticals.de\/wp-content\/uploads\/2016\/08\/FS-Gelenke-195x300.png\" \/>\n<meta name=\"twitter:card\" content=\"summary_large_image\" \/>\n<script type=\"application\/ld+json\" class=\"yoast-schema-graph\">{\"@context\":\"https:\\\/\\\/schema.org\",\"@graph\":[{\"@type\":\"WebPage\",\"@id\":\"https:\\\/\\\/schwarzwald-pharmaceuticals.de\\\/?page_id=10\",\"url\":\"https:\\\/\\\/schwarzwald-pharmaceuticals.de\\\/?page_id=10\",\"name\":\"GELENKE\\\/ MUSKELN\\\/ HAUT\\\/ HAARPFLEGE\\\/ SCHLANK\\\/ FIT - SCHWARZWALD PHARMACEUTICALS\",\"isPartOf\":{\"@id\":\"https:\\\/\\\/schwarzwald-pharmaceuticals.de\\\/#website\"},\"primaryImageOfPage\":{\"@id\":\"https:\\\/\\\/schwarzwald-pharmaceuticals.de\\\/?page_id=10#primaryimage\"},\"image\":{\"@id\":\"https:\\\/\\\/schwarzwald-pharmaceuticals.de\\\/?page_id=10#primaryimage\"},\"thumbnailUrl\":\"http:\\\/\\\/schwarzwald-pharmaceuticals.de\\\/wp-content\\\/uploads\\\/2016\\\/08\\\/FS-Gelenke-195x300.png\",\"datePublished\":\"2016-08-05T13:44:58+00:00\",\"dateModified\":\"2016-08-17T19:24:16+00:00\",\"breadcrumb\":{\"@id\":\"https:\\\/\\\/schwarzwald-pharmaceuticals.de\\\/?page_id=10#breadcrumb\"},\"inLanguage\":\"de\",\"potentialAction\":[{\"@type\":\"ReadAction\",\"target\":[\"https:\\\/\\\/schwarzwald-pharmaceuticals.de\\\/?page_id=10\"]}]},{\"@type\":\"ImageObject\",\"inLanguage\":\"de\",\"@id\":\"https:\\\/\\\/schwarzwald-pharmaceuticals.de\\\/?page_id=10#primaryimage\",\"url\":\"https:\\\/\\\/schwarzwald-pharmaceuticals.de\\\/wp-content\\\/uploads\\\/2016\\\/08\\\/FS-Gelenke.png\",\"contentUrl\":\"https:\\\/\\\/schwarzwald-pharmaceuticals.de\\\/wp-content\\\/uploads\\\/2016\\\/08\\\/FS-Gelenke.png\",\"width\":280,\"height\":430},{\"@type\":\"BreadcrumbList\",\"@id\":\"https:\\\/\\\/schwarzwald-pharmaceuticals.de\\\/?page_id=10#breadcrumb\",\"itemListElement\":[{\"@type\":\"ListItem\",\"position\":1,\"name\":\"Start\",\"item\":\"https:\\\/\\\/schwarzwald-pharmaceuticals.de\\\/\"},{\"@type\":\"ListItem\",\"position\":2,\"name\":\"GELENKE\\\/ MUSKELN\\\/ HAUT\\\/ HAARPFLEGE\\\/ SCHLANK\\\/ FIT\"}]},{\"@type\":\"WebSite\",\"@id\":\"https:\\\/\\\/schwarzwald-pharmaceuticals.de\\\/#website\",\"url\":\"https:\\\/\\\/schwarzwald-pharmaceuticals.de\\\/\",\"name\":\"SCHWARZWALD PHARMACEUTICALS\",\"description\":\"\",\"potentialAction\":[{\"@type\":\"SearchAction\",\"target\":{\"@type\":\"EntryPoint\",\"urlTemplate\":\"https:\\\/\\\/schwarzwald-pharmaceuticals.de\\\/?s={search_term_string}\"},\"query-input\":{\"@type\":\"PropertyValueSpecification\",\"valueRequired\":true,\"valueName\":\"search_term_string\"}}],\"inLanguage\":\"de\"}]}<\/script>\n<!-- \/ Yoast SEO plugin. -->","yoast_head_json":{"title":"GELENKE\/ MUSKELN\/ HAUT\/ HAARPFLEGE\/ SCHLANK\/ FIT - SCHWARZWALD PHARMACEUTICALS","description":"taxofit Gelenke 1200 complete, 40 St &nbsp; Nahrungserg\u00e4nzungsmittel Die taxofit Gelenke 1200 complete Tabletten enthalten einen abgestimmten Stoffkomplex. Kupfer leistet einen wichtigen Beitrag zur Erhaltung von normalem Bindegewebe und Vitamin D3 tr\u00e4gt zur Erhaltung der Knochen und der Muskelfunktion bei. Zink hilft dabei, die Zellen vor oxidativem Stress zu sch\u00fctzen und unterst\u00fctzt einen normalen S\u00e4ure-Basen-Stoffwechsel. [&hellip;]","robots":{"index":"index","follow":"follow","max-snippet":"max-snippet:-1","max-image-preview":"max-image-preview:large","max-video-preview":"max-video-preview:-1"},"canonical":"https:\/\/schwarzwald-pharmaceuticals.de\/?page_id=10","og_locale":"de_DE","og_type":"article","og_title":"GELENKE\/ MUSKELN\/ HAUT\/ HAARPFLEGE\/ SCHLANK\/ FIT - SCHWARZWALD PHARMACEUTICALS","og_description":"taxofit Gelenke 1200 complete, 40 St &nbsp; Nahrungserg\u00e4nzungsmittel Die taxofit Gelenke 1200 complete Tabletten enthalten einen abgestimmten Stoffkomplex. Kupfer leistet einen wichtigen Beitrag zur Erhaltung von normalem Bindegewebe und Vitamin D3 tr\u00e4gt zur Erhaltung der Knochen und der Muskelfunktion bei. Zink hilft dabei, die Zellen vor oxidativem Stress zu sch\u00fctzen und unterst\u00fctzt einen normalen S\u00e4ure-Basen-Stoffwechsel. [&hellip;]","og_url":"https:\/\/schwarzwald-pharmaceuticals.de\/?page_id=10","og_site_name":"SCHWARZWALD PHARMACEUTICALS","article_modified_time":"2016-08-17T19:24:16+00:00","og_image":[{"url":"http:\/\/schwarzwald-pharmaceuticals.de\/wp-content\/uploads\/2016\/08\/FS-Gelenke-195x300.png","type":"","width":"","height":""}],"twitter_card":"summary_large_image","schema":{"@context":"https:\/\/schema.org","@graph":[{"@type":"WebPage","@id":"https:\/\/schwarzwald-pharmaceuticals.de\/?page_id=10","url":"https:\/\/schwarzwald-pharmaceuticals.de\/?page_id=10","name":"GELENKE\/ MUSKELN\/ HAUT\/ HAARPFLEGE\/ SCHLANK\/ FIT - SCHWARZWALD PHARMACEUTICALS","isPartOf":{"@id":"https:\/\/schwarzwald-pharmaceuticals.de\/#website"},"primaryImageOfPage":{"@id":"https:\/\/schwarzwald-pharmaceuticals.de\/?page_id=10#primaryimage"},"image":{"@id":"https:\/\/schwarzwald-pharmaceuticals.de\/?page_id=10#primaryimage"},"thumbnailUrl":"http:\/\/schwarzwald-pharmaceuticals.de\/wp-content\/uploads\/2016\/08\/FS-Gelenke-195x300.png","datePublished":"2016-08-05T13:44:58+00:00","dateModified":"2016-08-17T19:24:16+00:00","breadcrumb":{"@id":"https:\/\/schwarzwald-pharmaceuticals.de\/?page_id=10#breadcrumb"},"inLanguage":"de","potentialAction":[{"@type":"ReadAction","target":["https:\/\/schwarzwald-pharmaceuticals.de\/?page_id=10"]}]},{"@type":"ImageObject","inLanguage":"de","@id":"https:\/\/schwarzwald-pharmaceuticals.de\/?page_id=10#primaryimage","url":"https:\/\/schwarzwald-pharmaceuticals.de\/wp-content\/uploads\/2016\/08\/FS-Gelenke.png","contentUrl":"https:\/\/schwarzwald-pharmaceuticals.de\/wp-content\/uploads\/2016\/08\/FS-Gelenke.png","width":280,"height":430},{"@type":"BreadcrumbList","@id":"https:\/\/schwarzwald-pharmaceuticals.de\/?page_id=10#breadcrumb","itemListElement":[{"@type":"ListItem","position":1,"name":"Start","item":"https:\/\/schwarzwald-pharmaceuticals.de\/"},{"@type":"ListItem","position":2,"name":"GELENKE\/ MUSKELN\/ HAUT\/ HAARPFLEGE\/ SCHLANK\/ FIT"}]},{"@type":"WebSite","@id":"https:\/\/schwarzwald-pharmaceuticals.de\/#website","url":"https:\/\/schwarzwald-pharmaceuticals.de\/","name":"SCHWARZWALD PHARMACEUTICALS","description":"","potentialAction":[{"@type":"SearchAction","target":{"@type":"EntryPoint","urlTemplate":"https:\/\/schwarzwald-pharmaceuticals.de\/?s={search_term_string}"},"query-input":{"@type":"PropertyValueSpecification","valueRequired":true,"valueName":"search_term_string"}}],"inLanguage":"de"}]}},"_links":{"self":[{"href":"https:\/\/schwarzwald-pharmaceuticals.de\/index.php?rest_route=\/wp\/v2\/pages\/10","targetHints":{"allow":["GET"]}}],"collection":[{"href":"https:\/\/schwarzwald-pharmaceuticals.de\/index.php?rest_route=\/wp\/v2\/pages"}],"about":[{"href":"https:\/\/schwarzwald-pharmaceuticals.de\/index.php?rest_route=\/wp\/v2\/types\/page"}],"author":[{"embeddable":true,"href":"https:\/\/schwarzwald-pharmaceuticals.de\/index.php?rest_route=\/wp\/v2\/users\/1"}],"replies":[{"embeddable":true,"href":"https:\/\/schwarzwald-pharmaceuticals.de\/index.php?rest_route=%2Fwp%2Fv2%2Fcomments&post=10"}],"version-history":[{"count":3,"href":"https:\/\/schwarzwald-pharmaceuticals.de\/index.php?rest_route=\/wp\/v2\/pages\/10\/revisions"}],"predecessor-version":[{"id":98,"href":"https:\/\/schwarzwald-pharmaceuticals.de\/index.php?rest_route=\/wp\/v2\/pages\/10\/revisions\/98"}],"wp:attachment":[{"href":"https:\/\/schwarzwald-pharmaceuticals.de\/index.php?rest_route=%2Fwp%2Fv2%2Fmedia&parent=10"}],"curies":[{"name":"wp","href":"https:\/\/api.w.org\/{rel}","templated":true}]}}