{"id":12,"date":"2016-08-05T13:45:15","date_gmt":"2016-08-05T13:45:15","guid":{"rendered":"http:\/\/schwarzwald-pharmaceuticals.de\/?page_id=12"},"modified":"2016-08-18T11:37:04","modified_gmt":"2016-08-18T11:37:04","slug":"erkaeltung-abwehr","status":"publish","type":"page","link":"https:\/\/schwarzwald-pharmaceuticals.de\/?page_id=12","title":{"rendered":"ERK\u00c4LTUNG\/ ABWEHR"},"content":{"rendered":"<h1>Schwarzwald Pharmaceuticals<\/h1>\n<h1>Vit C<\/h1>\n<h1><img loading=\"lazy\" decoding=\"async\" class=\"alignnone size-medium wp-image-113\" src=\"http:\/\/schwarzwald-pharmaceuticals.de\/wp-content\/uploads\/2016\/08\/IMG_1804-300x225.jpg\" alt=\"IMG_1804\" width=\"300\" height=\"225\" srcset=\"https:\/\/schwarzwald-pharmaceuticals.de\/wp-content\/uploads\/2016\/08\/IMG_1804-300x225.jpg 300w, https:\/\/schwarzwald-pharmaceuticals.de\/wp-content\/uploads\/2016\/08\/IMG_1804-768x576.jpg 768w, https:\/\/schwarzwald-pharmaceuticals.de\/wp-content\/uploads\/2016\/08\/IMG_1804-1024x768.jpg 1024w, https:\/\/schwarzwald-pharmaceuticals.de\/wp-content\/uploads\/2016\/08\/IMG_1804-1200x900.jpg 1200w\" sizes=\"auto, (max-width: 300px) 100vw, 300px\" \/><\/h1>\n<h1>hochdosiert<br \/>\nWirkstoff: 500 mg Ascorbins\u00e4ure<br \/>\n30 Hartkapseln<br \/>\nNahrungserg\u00e4nzungsmittel<\/h1>\n<p>Vit C tr\u00e4gt zu einer normalen Funktion des Nervensystems,<br \/>\nzu einem normalen Energiestoffwechsel und zum Schutz der Zellen vor oxidartivem Stress bei.<br \/>\nVitamin C tr\u00e4gt zur Verringerung von M\u00fcdigkeit\/ Erm\u00fcdung bei und erh\u00f6ht die Eisenaufnahme.<br \/>\nVertrieb:<br \/>\nSchwarzwald Pharmaceuticals<br \/>\nFlorian Sarbacher<br \/>\nAm S\u00fcdhang 8<br \/>\n76359 Marxzell<br \/>\nwww.schwarzwald-pharmaceuticals.de<br \/>\nDosierung: 1x Kapsel\/ Tag<br \/>\nRDA=empfohlene Tagesportion f\u00fcr Erwachsene.<br \/>\nAu\u00dfer Reichweite von kleinen Kindern sowie unge\u00f6ffnet,<br \/>\nk\u00fchl und trocken aufbewahren. Die angegebene t\u00e4gliche Verzehrmenge<br \/>\ndarf nicht \u00fcberschritten werden.<br \/>\nNahrungserg\u00e4nzungsmittel sind kein Ersatz f\u00fcr eine ausgewogene,<br \/>\nabwechslungsreiche Ern\u00e4hrung und gesunde Lebensweise.<\/p>\n<h1><\/h1>\n<h1>Olbas Tropfen bei Erk\u00e4ltung und Kopfschmerzen, 12 ml<\/h1>\n<p><img loading=\"lazy\" decoding=\"async\" class=\"alignnone size-medium wp-image-90\" src=\"http:\/\/schwarzwald-pharmaceuticals.de\/wp-content\/uploads\/2016\/08\/FS-Erk\u00e4ltung-195x300.png\" alt=\"FS Erk\u00e4ltung\" width=\"195\" height=\"300\" srcset=\"https:\/\/schwarzwald-pharmaceuticals.de\/wp-content\/uploads\/2016\/08\/FS-Erk\u00e4ltung-195x300.png 195w, https:\/\/schwarzwald-pharmaceuticals.de\/wp-content\/uploads\/2016\/08\/FS-Erk\u00e4ltung.png 280w\" sizes=\"auto, (max-width: 195px) 100vw, 195px\" \/><\/p>\n<h2 class=\"product-headline-sub\">Arzneimittel<\/h2>\n<p>Olbas Tropfen kann bei Erk\u00e4ltungskrankheiten, Kopfschmerzen sowie Magen-Darm-Beschwerden helfen. Die Anwendung des Heilpflanzendestillats erfolgt innerlich, \u00e4u\u00dferlich oder als Inhalation. Olbas Tropfen sind alkoholfrei.<\/p>\n<p>Weitere Informationen siehe Beipackzettel<\/p>\n<p>&nbsp;<\/p>\n","protected":false},"excerpt":{"rendered":"<p>Schwarzwald Pharmaceuticals Vit C hochdosiert Wirkstoff: 500 mg Ascorbins\u00e4ure 30 Hartkapseln Nahrungserg\u00e4nzungsmittel Vit C tr\u00e4gt zu einer normalen Funktion des Nervensystems, zu einem normalen Energiestoffwechsel und zum Schutz der Zellen vor oxidartivem Stress bei. Vitamin C tr\u00e4gt zur Verringerung von M\u00fcdigkeit\/ Erm\u00fcdung bei und erh\u00f6ht die Eisenaufnahme. Vertrieb: Schwarzwald Pharmaceuticals Florian Sarbacher Am S\u00fcdhang 8 [&hellip;]<\/p>\n","protected":false},"author":1,"featured_media":0,"parent":0,"menu_order":0,"comment_status":"closed","ping_status":"open","template":"","meta":{"footnotes":""},"class_list":["post-12","page","type-page","status-publish","hentry"],"yoast_head":"<!-- This site is optimized with the Yoast SEO plugin v27.4 - https:\/\/yoast.com\/product\/yoast-seo-wordpress\/ -->\n<title>ERK\u00c4LTUNG\/ ABWEHR - SCHWARZWALD PHARMACEUTICALS<\/title>\n<meta name=\"description\" content=\"Schwarzwald Pharmaceuticals Vit C hochdosiert Wirkstoff: 500 mg Ascorbins\u00e4ure 30 Hartkapseln Nahrungserg\u00e4nzungsmittel Vit C tr\u00e4gt zu einer normalen Funktion des Nervensystems, zu einem normalen Energiestoffwechsel und zum Schutz der Zellen vor oxidartivem Stress bei. Vitamin C tr\u00e4gt zur Verringerung von M\u00fcdigkeit\/ Erm\u00fcdung bei und erh\u00f6ht die Eisenaufnahme. Vertrieb: Schwarzwald Pharmaceuticals Florian Sarbacher Am S\u00fcdhang 8 [&hellip;]\" \/>\n<meta name=\"robots\" content=\"index, follow, max-snippet:-1, max-image-preview:large, max-video-preview:-1\" \/>\n<link rel=\"canonical\" href=\"https:\/\/schwarzwald-pharmaceuticals.de\/?page_id=12\" \/>\n<meta property=\"og:locale\" content=\"de_DE\" \/>\n<meta property=\"og:type\" content=\"article\" \/>\n<meta property=\"og:title\" content=\"ERK\u00c4LTUNG\/ ABWEHR - SCHWARZWALD PHARMACEUTICALS\" \/>\n<meta property=\"og:description\" content=\"Schwarzwald Pharmaceuticals Vit C hochdosiert Wirkstoff: 500 mg Ascorbins\u00e4ure 30 Hartkapseln Nahrungserg\u00e4nzungsmittel Vit C tr\u00e4gt zu einer normalen Funktion des Nervensystems, zu einem normalen Energiestoffwechsel und zum Schutz der Zellen vor oxidartivem Stress bei. Vitamin C tr\u00e4gt zur Verringerung von M\u00fcdigkeit\/ Erm\u00fcdung bei und erh\u00f6ht die Eisenaufnahme. Vertrieb: Schwarzwald Pharmaceuticals Florian Sarbacher Am S\u00fcdhang 8 [&hellip;]\" \/>\n<meta property=\"og:url\" content=\"https:\/\/schwarzwald-pharmaceuticals.de\/?page_id=12\" \/>\n<meta property=\"og:site_name\" content=\"SCHWARZWALD PHARMACEUTICALS\" \/>\n<meta property=\"article:modified_time\" content=\"2016-08-18T11:37:04+00:00\" \/>\n<meta property=\"og:image\" content=\"http:\/\/schwarzwald-pharmaceuticals.de\/wp-content\/uploads\/2016\/08\/IMG_1804-300x225.jpg\" \/>\n<meta name=\"twitter:card\" content=\"summary_large_image\" \/>\n<meta name=\"twitter:label1\" content=\"Gesch\u00e4tzte Lesezeit\" \/>\n\t<meta name=\"twitter:data1\" content=\"1\u00a0Minute\" \/>\n<script type=\"application\/ld+json\" class=\"yoast-schema-graph\">{\"@context\":\"https:\\\/\\\/schema.org\",\"@graph\":[{\"@type\":\"WebPage\",\"@id\":\"https:\\\/\\\/schwarzwald-pharmaceuticals.de\\\/?page_id=12\",\"url\":\"https:\\\/\\\/schwarzwald-pharmaceuticals.de\\\/?page_id=12\",\"name\":\"ERK\u00c4LTUNG\\\/ ABWEHR - SCHWARZWALD PHARMACEUTICALS\",\"isPartOf\":{\"@id\":\"https:\\\/\\\/schwarzwald-pharmaceuticals.de\\\/#website\"},\"primaryImageOfPage\":{\"@id\":\"https:\\\/\\\/schwarzwald-pharmaceuticals.de\\\/?page_id=12#primaryimage\"},\"image\":{\"@id\":\"https:\\\/\\\/schwarzwald-pharmaceuticals.de\\\/?page_id=12#primaryimage\"},\"thumbnailUrl\":\"http:\\\/\\\/schwarzwald-pharmaceuticals.de\\\/wp-content\\\/uploads\\\/2016\\\/08\\\/IMG_1804-300x225.jpg\",\"datePublished\":\"2016-08-05T13:45:15+00:00\",\"dateModified\":\"2016-08-18T11:37:04+00:00\",\"breadcrumb\":{\"@id\":\"https:\\\/\\\/schwarzwald-pharmaceuticals.de\\\/?page_id=12#breadcrumb\"},\"inLanguage\":\"de\",\"potentialAction\":[{\"@type\":\"ReadAction\",\"target\":[\"https:\\\/\\\/schwarzwald-pharmaceuticals.de\\\/?page_id=12\"]}]},{\"@type\":\"ImageObject\",\"inLanguage\":\"de\",\"@id\":\"https:\\\/\\\/schwarzwald-pharmaceuticals.de\\\/?page_id=12#primaryimage\",\"url\":\"https:\\\/\\\/schwarzwald-pharmaceuticals.de\\\/wp-content\\\/uploads\\\/2016\\\/08\\\/IMG_1804.jpg\",\"contentUrl\":\"https:\\\/\\\/schwarzwald-pharmaceuticals.de\\\/wp-content\\\/uploads\\\/2016\\\/08\\\/IMG_1804.jpg\",\"width\":3264,\"height\":2448},{\"@type\":\"BreadcrumbList\",\"@id\":\"https:\\\/\\\/schwarzwald-pharmaceuticals.de\\\/?page_id=12#breadcrumb\",\"itemListElement\":[{\"@type\":\"ListItem\",\"position\":1,\"name\":\"Start\",\"item\":\"https:\\\/\\\/schwarzwald-pharmaceuticals.de\\\/\"},{\"@type\":\"ListItem\",\"position\":2,\"name\":\"ERK\u00c4LTUNG\\\/ ABWEHR\"}]},{\"@type\":\"WebSite\",\"@id\":\"https:\\\/\\\/schwarzwald-pharmaceuticals.de\\\/#website\",\"url\":\"https:\\\/\\\/schwarzwald-pharmaceuticals.de\\\/\",\"name\":\"SCHWARZWALD PHARMACEUTICALS\",\"description\":\"\",\"potentialAction\":[{\"@type\":\"SearchAction\",\"target\":{\"@type\":\"EntryPoint\",\"urlTemplate\":\"https:\\\/\\\/schwarzwald-pharmaceuticals.de\\\/?s={search_term_string}\"},\"query-input\":{\"@type\":\"PropertyValueSpecification\",\"valueRequired\":true,\"valueName\":\"search_term_string\"}}],\"inLanguage\":\"de\"}]}<\/script>\n<!-- \/ Yoast SEO plugin. -->","yoast_head_json":{"title":"ERK\u00c4LTUNG\/ ABWEHR - SCHWARZWALD PHARMACEUTICALS","description":"Schwarzwald Pharmaceuticals Vit C hochdosiert Wirkstoff: 500 mg Ascorbins\u00e4ure 30 Hartkapseln Nahrungserg\u00e4nzungsmittel Vit C tr\u00e4gt zu einer normalen Funktion des Nervensystems, zu einem normalen Energiestoffwechsel und zum Schutz der Zellen vor oxidartivem Stress bei. Vitamin C tr\u00e4gt zur Verringerung von M\u00fcdigkeit\/ Erm\u00fcdung bei und erh\u00f6ht die Eisenaufnahme. Vertrieb: Schwarzwald Pharmaceuticals Florian Sarbacher Am S\u00fcdhang 8 [&hellip;]","robots":{"index":"index","follow":"follow","max-snippet":"max-snippet:-1","max-image-preview":"max-image-preview:large","max-video-preview":"max-video-preview:-1"},"canonical":"https:\/\/schwarzwald-pharmaceuticals.de\/?page_id=12","og_locale":"de_DE","og_type":"article","og_title":"ERK\u00c4LTUNG\/ ABWEHR - SCHWARZWALD PHARMACEUTICALS","og_description":"Schwarzwald Pharmaceuticals Vit C hochdosiert Wirkstoff: 500 mg Ascorbins\u00e4ure 30 Hartkapseln Nahrungserg\u00e4nzungsmittel Vit C tr\u00e4gt zu einer normalen Funktion des Nervensystems, zu einem normalen Energiestoffwechsel und zum Schutz der Zellen vor oxidartivem Stress bei. Vitamin C tr\u00e4gt zur Verringerung von M\u00fcdigkeit\/ Erm\u00fcdung bei und erh\u00f6ht die Eisenaufnahme. Vertrieb: Schwarzwald Pharmaceuticals Florian Sarbacher Am S\u00fcdhang 8 [&hellip;]","og_url":"https:\/\/schwarzwald-pharmaceuticals.de\/?page_id=12","og_site_name":"SCHWARZWALD PHARMACEUTICALS","article_modified_time":"2016-08-18T11:37:04+00:00","og_image":[{"url":"http:\/\/schwarzwald-pharmaceuticals.de\/wp-content\/uploads\/2016\/08\/IMG_1804-300x225.jpg","type":"","width":"","height":""}],"twitter_card":"summary_large_image","twitter_misc":{"Gesch\u00e4tzte Lesezeit":"1\u00a0Minute"},"schema":{"@context":"https:\/\/schema.org","@graph":[{"@type":"WebPage","@id":"https:\/\/schwarzwald-pharmaceuticals.de\/?page_id=12","url":"https:\/\/schwarzwald-pharmaceuticals.de\/?page_id=12","name":"ERK\u00c4LTUNG\/ ABWEHR - SCHWARZWALD PHARMACEUTICALS","isPartOf":{"@id":"https:\/\/schwarzwald-pharmaceuticals.de\/#website"},"primaryImageOfPage":{"@id":"https:\/\/schwarzwald-pharmaceuticals.de\/?page_id=12#primaryimage"},"image":{"@id":"https:\/\/schwarzwald-pharmaceuticals.de\/?page_id=12#primaryimage"},"thumbnailUrl":"http:\/\/schwarzwald-pharmaceuticals.de\/wp-content\/uploads\/2016\/08\/IMG_1804-300x225.jpg","datePublished":"2016-08-05T13:45:15+00:00","dateModified":"2016-08-18T11:37:04+00:00","breadcrumb":{"@id":"https:\/\/schwarzwald-pharmaceuticals.de\/?page_id=12#breadcrumb"},"inLanguage":"de","potentialAction":[{"@type":"ReadAction","target":["https:\/\/schwarzwald-pharmaceuticals.de\/?page_id=12"]}]},{"@type":"ImageObject","inLanguage":"de","@id":"https:\/\/schwarzwald-pharmaceuticals.de\/?page_id=12#primaryimage","url":"https:\/\/schwarzwald-pharmaceuticals.de\/wp-content\/uploads\/2016\/08\/IMG_1804.jpg","contentUrl":"https:\/\/schwarzwald-pharmaceuticals.de\/wp-content\/uploads\/2016\/08\/IMG_1804.jpg","width":3264,"height":2448},{"@type":"BreadcrumbList","@id":"https:\/\/schwarzwald-pharmaceuticals.de\/?page_id=12#breadcrumb","itemListElement":[{"@type":"ListItem","position":1,"name":"Start","item":"https:\/\/schwarzwald-pharmaceuticals.de\/"},{"@type":"ListItem","position":2,"name":"ERK\u00c4LTUNG\/ ABWEHR"}]},{"@type":"WebSite","@id":"https:\/\/schwarzwald-pharmaceuticals.de\/#website","url":"https:\/\/schwarzwald-pharmaceuticals.de\/","name":"SCHWARZWALD PHARMACEUTICALS","description":"","potentialAction":[{"@type":"SearchAction","target":{"@type":"EntryPoint","urlTemplate":"https:\/\/schwarzwald-pharmaceuticals.de\/?s={search_term_string}"},"query-input":{"@type":"PropertyValueSpecification","valueRequired":true,"valueName":"search_term_string"}}],"inLanguage":"de"}]}},"_links":{"self":[{"href":"https:\/\/schwarzwald-pharmaceuticals.de\/index.php?rest_route=\/wp\/v2\/pages\/12","targetHints":{"allow":["GET"]}}],"collection":[{"href":"https:\/\/schwarzwald-pharmaceuticals.de\/index.php?rest_route=\/wp\/v2\/pages"}],"about":[{"href":"https:\/\/schwarzwald-pharmaceuticals.de\/index.php?rest_route=\/wp\/v2\/types\/page"}],"author":[{"embeddable":true,"href":"https:\/\/schwarzwald-pharmaceuticals.de\/index.php?rest_route=\/wp\/v2\/users\/1"}],"replies":[{"embeddable":true,"href":"https:\/\/schwarzwald-pharmaceuticals.de\/index.php?rest_route=%2Fwp%2Fv2%2Fcomments&post=12"}],"version-history":[{"count":4,"href":"https:\/\/schwarzwald-pharmaceuticals.de\/index.php?rest_route=\/wp\/v2\/pages\/12\/revisions"}],"predecessor-version":[{"id":114,"href":"https:\/\/schwarzwald-pharmaceuticals.de\/index.php?rest_route=\/wp\/v2\/pages\/12\/revisions\/114"}],"wp:attachment":[{"href":"https:\/\/schwarzwald-pharmaceuticals.de\/index.php?rest_route=%2Fwp%2Fv2%2Fmedia&parent=12"}],"curies":[{"name":"wp","href":"https:\/\/api.w.org\/{rel}","templated":true}]}}