{"id":14,"date":"2016-08-05T13:45:43","date_gmt":"2016-08-05T13:45:43","guid":{"rendered":"http:\/\/schwarzwald-pharmaceuticals.de\/?page_id=14"},"modified":"2016-08-17T19:21:55","modified_gmt":"2016-08-17T19:21:55","slug":"gedaechtnis-konzentration-ruhe-gelassenheit","status":"publish","type":"page","link":"https:\/\/schwarzwald-pharmaceuticals.de\/?page_id=14","title":{"rendered":"GED\u00c4CHTNIS\/ KONZENTRATION\/ RUHE\/ GELASSENHEIT"},"content":{"rendered":"<h1>Ginkgo + B-Vitamine + Cholin Kapseln, 40 St<\/h1>\n<p><img loading=\"lazy\" decoding=\"async\" class=\"alignnone size-medium wp-image-93\" src=\"http:\/\/schwarzwald-pharmaceuticals.de\/wp-content\/uploads\/2016\/08\/FS-Ged\u00e4chtnis-195x300.png\" alt=\"FS Ged\u00e4chtnis\" width=\"195\" height=\"300\" srcset=\"https:\/\/schwarzwald-pharmaceuticals.de\/wp-content\/uploads\/2016\/08\/FS-Ged\u00e4chtnis-195x300.png 195w, https:\/\/schwarzwald-pharmaceuticals.de\/wp-content\/uploads\/2016\/08\/FS-Ged\u00e4chtnis.png 280w\" sizes=\"auto, (max-width: 195px) 100vw, 195px\" \/><\/p>\n<h2 class=\"product-headline-sub\">Nahrungserg\u00e4nzungsmittel<\/h2>\n<p>Das Nahrungserg\u00e4nzungsmittel enth\u00e4lt 100 mg Cholin, B-Vitamin und das Spurenelement Zink. Zus\u00e4tzlich enthalten die Kapseln 100 mg Ginkgoextrakt. Das Produkt ist gluten- und lactosefrei.<\/p>\n","protected":false},"excerpt":{"rendered":"<p>Ginkgo + B-Vitamine + Cholin Kapseln, 40 St Nahrungserg\u00e4nzungsmittel Das Nahrungserg\u00e4nzungsmittel enth\u00e4lt 100 mg Cholin, B-Vitamin und das Spurenelement Zink. Zus\u00e4tzlich enthalten die Kapseln 100 mg Ginkgoextrakt. Das Produkt ist gluten- und lactosefrei.<\/p>\n","protected":false},"author":1,"featured_media":0,"parent":0,"menu_order":0,"comment_status":"closed","ping_status":"closed","template":"","meta":{"footnotes":""},"class_list":["post-14","page","type-page","status-publish","hentry"],"yoast_head":"<!-- This site is optimized with the Yoast SEO plugin v27.4 - https:\/\/yoast.com\/product\/yoast-seo-wordpress\/ -->\n<title>GED\u00c4CHTNIS\/ KONZENTRATION\/ RUHE\/ GELASSENHEIT - SCHWARZWALD PHARMACEUTICALS<\/title>\n<meta name=\"description\" content=\"Ginkgo + B-Vitamine + Cholin Kapseln, 40 St Nahrungserg\u00e4nzungsmittel Das Nahrungserg\u00e4nzungsmittel enth\u00e4lt 100 mg Cholin, B-Vitamin und das Spurenelement Zink. Zus\u00e4tzlich enthalten die Kapseln 100 mg Ginkgoextrakt. Das Produkt ist gluten- und lactosefrei.\" \/>\n<meta name=\"robots\" content=\"index, follow, max-snippet:-1, max-image-preview:large, max-video-preview:-1\" \/>\n<link rel=\"canonical\" href=\"https:\/\/schwarzwald-pharmaceuticals.de\/?page_id=14\" \/>\n<meta property=\"og:locale\" content=\"de_DE\" \/>\n<meta property=\"og:type\" content=\"article\" \/>\n<meta property=\"og:title\" content=\"GED\u00c4CHTNIS\/ KONZENTRATION\/ RUHE\/ GELASSENHEIT - SCHWARZWALD PHARMACEUTICALS\" \/>\n<meta property=\"og:description\" content=\"Ginkgo + B-Vitamine + Cholin Kapseln, 40 St Nahrungserg\u00e4nzungsmittel Das Nahrungserg\u00e4nzungsmittel enth\u00e4lt 100 mg Cholin, B-Vitamin und das Spurenelement Zink. Zus\u00e4tzlich enthalten die Kapseln 100 mg Ginkgoextrakt. Das Produkt ist gluten- und lactosefrei.\" \/>\n<meta property=\"og:url\" content=\"https:\/\/schwarzwald-pharmaceuticals.de\/?page_id=14\" \/>\n<meta property=\"og:site_name\" content=\"SCHWARZWALD PHARMACEUTICALS\" \/>\n<meta property=\"article:modified_time\" content=\"2016-08-17T19:21:55+00:00\" \/>\n<meta name=\"twitter:card\" content=\"summary_large_image\" \/>\n<script type=\"application\/ld+json\" class=\"yoast-schema-graph\">{\"@context\":\"https:\\\/\\\/schema.org\",\"@graph\":[{\"@type\":\"WebPage\",\"@id\":\"https:\\\/\\\/schwarzwald-pharmaceuticals.de\\\/?page_id=14\",\"url\":\"https:\\\/\\\/schwarzwald-pharmaceuticals.de\\\/?page_id=14\",\"name\":\"GED\u00c4CHTNIS\\\/ KONZENTRATION\\\/ RUHE\\\/ GELASSENHEIT - SCHWARZWALD PHARMACEUTICALS\",\"isPartOf\":{\"@id\":\"https:\\\/\\\/schwarzwald-pharmaceuticals.de\\\/#website\"},\"datePublished\":\"2016-08-05T13:45:43+00:00\",\"dateModified\":\"2016-08-17T19:21:55+00:00\",\"breadcrumb\":{\"@id\":\"https:\\\/\\\/schwarzwald-pharmaceuticals.de\\\/?page_id=14#breadcrumb\"},\"inLanguage\":\"de\",\"potentialAction\":[{\"@type\":\"ReadAction\",\"target\":[\"https:\\\/\\\/schwarzwald-pharmaceuticals.de\\\/?page_id=14\"]}]},{\"@type\":\"BreadcrumbList\",\"@id\":\"https:\\\/\\\/schwarzwald-pharmaceuticals.de\\\/?page_id=14#breadcrumb\",\"itemListElement\":[{\"@type\":\"ListItem\",\"position\":1,\"name\":\"Start\",\"item\":\"https:\\\/\\\/schwarzwald-pharmaceuticals.de\\\/\"},{\"@type\":\"ListItem\",\"position\":2,\"name\":\"GED\u00c4CHTNIS\\\/ KONZENTRATION\\\/ RUHE\\\/ GELASSENHEIT\"}]},{\"@type\":\"WebSite\",\"@id\":\"https:\\\/\\\/schwarzwald-pharmaceuticals.de\\\/#website\",\"url\":\"https:\\\/\\\/schwarzwald-pharmaceuticals.de\\\/\",\"name\":\"SCHWARZWALD PHARMACEUTICALS\",\"description\":\"\",\"potentialAction\":[{\"@type\":\"SearchAction\",\"target\":{\"@type\":\"EntryPoint\",\"urlTemplate\":\"https:\\\/\\\/schwarzwald-pharmaceuticals.de\\\/?s={search_term_string}\"},\"query-input\":{\"@type\":\"PropertyValueSpecification\",\"valueRequired\":true,\"valueName\":\"search_term_string\"}}],\"inLanguage\":\"de\"}]}<\/script>\n<!-- \/ Yoast SEO plugin. -->","yoast_head_json":{"title":"GED\u00c4CHTNIS\/ KONZENTRATION\/ RUHE\/ GELASSENHEIT - SCHWARZWALD PHARMACEUTICALS","description":"Ginkgo + B-Vitamine + Cholin Kapseln, 40 St Nahrungserg\u00e4nzungsmittel Das Nahrungserg\u00e4nzungsmittel enth\u00e4lt 100 mg Cholin, B-Vitamin und das Spurenelement Zink. Zus\u00e4tzlich enthalten die Kapseln 100 mg Ginkgoextrakt. Das Produkt ist gluten- und lactosefrei.","robots":{"index":"index","follow":"follow","max-snippet":"max-snippet:-1","max-image-preview":"max-image-preview:large","max-video-preview":"max-video-preview:-1"},"canonical":"https:\/\/schwarzwald-pharmaceuticals.de\/?page_id=14","og_locale":"de_DE","og_type":"article","og_title":"GED\u00c4CHTNIS\/ KONZENTRATION\/ RUHE\/ GELASSENHEIT - SCHWARZWALD PHARMACEUTICALS","og_description":"Ginkgo + B-Vitamine + Cholin Kapseln, 40 St Nahrungserg\u00e4nzungsmittel Das Nahrungserg\u00e4nzungsmittel enth\u00e4lt 100 mg Cholin, B-Vitamin und das Spurenelement Zink. Zus\u00e4tzlich enthalten die Kapseln 100 mg Ginkgoextrakt. Das Produkt ist gluten- und lactosefrei.","og_url":"https:\/\/schwarzwald-pharmaceuticals.de\/?page_id=14","og_site_name":"SCHWARZWALD PHARMACEUTICALS","article_modified_time":"2016-08-17T19:21:55+00:00","twitter_card":"summary_large_image","schema":{"@context":"https:\/\/schema.org","@graph":[{"@type":"WebPage","@id":"https:\/\/schwarzwald-pharmaceuticals.de\/?page_id=14","url":"https:\/\/schwarzwald-pharmaceuticals.de\/?page_id=14","name":"GED\u00c4CHTNIS\/ KONZENTRATION\/ RUHE\/ GELASSENHEIT - SCHWARZWALD PHARMACEUTICALS","isPartOf":{"@id":"https:\/\/schwarzwald-pharmaceuticals.de\/#website"},"datePublished":"2016-08-05T13:45:43+00:00","dateModified":"2016-08-17T19:21:55+00:00","breadcrumb":{"@id":"https:\/\/schwarzwald-pharmaceuticals.de\/?page_id=14#breadcrumb"},"inLanguage":"de","potentialAction":[{"@type":"ReadAction","target":["https:\/\/schwarzwald-pharmaceuticals.de\/?page_id=14"]}]},{"@type":"BreadcrumbList","@id":"https:\/\/schwarzwald-pharmaceuticals.de\/?page_id=14#breadcrumb","itemListElement":[{"@type":"ListItem","position":1,"name":"Start","item":"https:\/\/schwarzwald-pharmaceuticals.de\/"},{"@type":"ListItem","position":2,"name":"GED\u00c4CHTNIS\/ KONZENTRATION\/ RUHE\/ GELASSENHEIT"}]},{"@type":"WebSite","@id":"https:\/\/schwarzwald-pharmaceuticals.de\/#website","url":"https:\/\/schwarzwald-pharmaceuticals.de\/","name":"SCHWARZWALD PHARMACEUTICALS","description":"","potentialAction":[{"@type":"SearchAction","target":{"@type":"EntryPoint","urlTemplate":"https:\/\/schwarzwald-pharmaceuticals.de\/?s={search_term_string}"},"query-input":{"@type":"PropertyValueSpecification","valueRequired":true,"valueName":"search_term_string"}}],"inLanguage":"de"}]}},"_links":{"self":[{"href":"https:\/\/schwarzwald-pharmaceuticals.de\/index.php?rest_route=\/wp\/v2\/pages\/14","targetHints":{"allow":["GET"]}}],"collection":[{"href":"https:\/\/schwarzwald-pharmaceuticals.de\/index.php?rest_route=\/wp\/v2\/pages"}],"about":[{"href":"https:\/\/schwarzwald-pharmaceuticals.de\/index.php?rest_route=\/wp\/v2\/types\/page"}],"author":[{"embeddable":true,"href":"https:\/\/schwarzwald-pharmaceuticals.de\/index.php?rest_route=\/wp\/v2\/users\/1"}],"replies":[{"embeddable":true,"href":"https:\/\/schwarzwald-pharmaceuticals.de\/index.php?rest_route=%2Fwp%2Fv2%2Fcomments&post=14"}],"version-history":[{"count":3,"href":"https:\/\/schwarzwald-pharmaceuticals.de\/index.php?rest_route=\/wp\/v2\/pages\/14\/revisions"}],"predecessor-version":[{"id":95,"href":"https:\/\/schwarzwald-pharmaceuticals.de\/index.php?rest_route=\/wp\/v2\/pages\/14\/revisions\/95"}],"wp:attachment":[{"href":"https:\/\/schwarzwald-pharmaceuticals.de\/index.php?rest_route=%2Fwp%2Fv2%2Fmedia&parent=14"}],"curies":[{"name":"wp","href":"https:\/\/api.w.org\/{rel}","templated":true}]}}